i**4/12 + i**2. Let h(z) be the second derivative of g(z). Determine h(-5).
-9
Let u(i) = i**2 + 1. Let m(c) = 3*c**2 + 5*c - 2. Let k(j) = -m(j) + 2*u(j). Let p be 2*1/(-4)*14 - -2. Determine k(p).
4
Let h be 2/(-9) - 228/(-54). Suppose -4*c - h = -6*c. Let g(q) = q**2 - q**3 - c*q**2 + 0 - 6 - q. What is g(0)?
-6
Let t = -16 - -21. Let b(v) = -v**2 + 4*v - 7. Calculate b(t).
-12
Let y(k) = -k + 2 + 1 + 0 - 2. Suppose 0 = -3*o - 2*o - 20. Let f be y(o). Let x(w) = w**3 - 5*w**2 - 2*w + 7. What is x(f)?
-3
Suppose 4*x = -4*j + 32, 0 = -4*x + 2*j + 15 - 7. Let y(i) = -i**3 + x*i - 4 + 3*i**2 - i - 3*i. Suppose 3*f + 2*l + 11 = -3*l, 3*f + 4*l + 7 = 0. What is y(f)?
-4
Let u = 2 + 5. Suppose 0*s + 3*s = -5*p + u, 3*p - 9 = -s. Let v(m) = -m**2 - 4*m + 7. Give v(s).
-5
Let c(q) be the second derivative of q**5/20 + q**4/4 - 5*q**3/6 - 4*q. Let m(d) = d**2 + 8*d - 4. Let t be m(-8). Determine c(t).
4
Let n(o) be the first derivative of o**2/2 + o - 1. Determine n(6).
7
Let t(v) = -v + 1. Let x be t(0). Let w(b) = b**3 + b**2 - x + 1 + 3*b**2 + 3*b. Calculate w(-3).
0
Let p = -149 + 151. Let u(o) = o**3 - 3*o**2 + 3*o - 1. Give u(p).
1
Let w(t) = 2*t - 4*t - t**2 + 2*t. Suppose -h = 5*n - 0*h - 4, 4*n + h = 3. What is w(n)?
-1
Let i(s) be the second derivative of -s**3/3 + s**2 + 6*s. Determine i(-2).
6
Let r(k) = k**3 - 4*k**2 - k + 3. Let j be r(4). Let s(d) be the second derivative of -7*d**4/12 + d**3/6 + d**2/2 - d. Give s(j).
-7
Let m(x) = -x**3 - 2*x**2. Suppose 0*k = -p - 2*k - 8, -2*p - k = 10. Let w = p + 2. Give m(w).
0
Let w(k) = 3 + 68*k - 69*k - 2 - k**3 - 3*k**2. Give w(-2).
-1
Suppose t + 20 = -2*t - 4*n, -4*n = -2*t + 20. Let x = t - -1. Suppose x = i - 1. Let j(f) = f**2 + 3*f - 2. Determine j(i).
8
Let p(o) = 2*o - 1. Suppose 0 = -9*r + 10*r - 3. Calculate p(r).
5
Suppose 24 = -5*b + 2*b. Let k = -10 - b. Let l(f) = -f**2 - 3*f + 3. Let i(m) = 3*m**2 + 9*m - 8. Let j(q) = -4*i(q) - 11*l(q). Determine j(k).
1
Suppose -4*o + 10 = 2. Let y(p) = 2*p**2. Let s be y(-1). Suppose -3 = s*x - 3*x, o*x - 22 = -4*t. Let c(k) = -k**2 + 4*k + 1. Give c(t).
1
Let q(d) = d**3 + 3*d**2 - 3*d + 1. Let f = 5 - 5. Suppose -4 = -f*k + k. What is q(k)?
-3
Let b be 4/8*2 + -2. Let x(j) = -j**3 - j**2 - j. Determine x(b).
1
Let t(g) = 4*g + 1. Let o(y) = -9*y - 1. Let h(v) = -2*o(v) - 5*t(v). Let w(r) = r + 1. Let n be w(-4). Give h(n).
3
Let x(a) = -a**2 - 9*a - 1. Let h be 49/(-6) - 12/(-72). Give x(h).
7
Let f(x) be the second derivative of x**5/20 - x**4/2 + x**3/2 + 2*x. What is f(5)?
-10
Let r(k) be the first derivative of -1/2*k**4 + 3 + 0*k**2 + 1/6*k**3 + 3*k. Let t(g) be the first derivative of r(g). Give t(-1).
-7
Let i = 21 + -18. Let n(s) = -11*s**3 - 5*s**2 + 11*s + 9. Let c(j) = 4*j**3 + 2*j**2 - 4*j - 3. Let k(r) = 8*c(r) + 3*n(r). Give k(i).
-12
Let x(y) = -3*y**2 + 3*y + 1. Let n(z) = 7*z**2 - 6*z - 1. Let h(s) = 2*n(s) + 5*x(s). Suppose 0*p - 10 = -2*p. Calculate h(p).
-7
Let s be (-14 + 13)*4/(-1). Let q(b) = b**2 - 2*b + 4. Determine q(s).
12
Let f(y) be the second derivative of -y**4/12 - y**3 + 2*y**2 - 32*y. Let b(g) = g. Let n be b(-4). Calculate f(n).
12
Let c(x) = -x**2 - 3*x + 1. Let d be 303/15 - 3/15. Suppose 3*w - 15 = -3*s, 4*s = -4*w - w + d. Let r = s + -7. Determine c(r).
3
Let t(a) = a + 5. Let h = -87 + 82. What is t(h)?
0
Let x(j) = j + 8. Let a be x(-7). Let s(v) = 1 + 3*v**3 - v - 5*v**3 - 3*v**3 - 2*v**3. Give s(a).
-7
Suppose -l - 2 = 5*h, 0*l - h = -l - 8. Let d(u) = u**2 + 7*u + 8. Determine d(l).
8
Let r(y) = -y**3 + 8*y**2 + y - 4. Suppose 2*s + 4*s = 48. Give r(s).
4
Let m(d) = -4 + 5*d**2 + 0*d**2 + 5*d - 4*d**2. Calculate m(-4).
-8
Let t(c) be the first derivative of c**4/4 - 4*c**3/3 - 5*c**2/2 - 4*c + 3. Let w = -4 + 9. Determine t(w).
-4
Let b(c) = -c - 4. Let q be b(-8). Suppose -7 = -2*g + 1. Let x(u) = 5 - 3 - 2*u - g*u + 4*u. What is x(q)?
-6
Let x(r) = r**3 - r - 2. Let s(b) = -2*b**3 - b**2 + 2*b + 4. Let h(o) = -3*s(o) - 5*x(o). Suppose 3 + 7 = 5*l. Suppose 3*y + 10 = -l*y. What is h(y)?
4
Let c(n) = -n**3 + 4*n**2 + 7*n - 7. Let v be 2/7 - (-580)/(-70). Suppose -4*b + 4 = 4*a, 2*a = -2*b - a + 6. Let h = b - v. Give c(h).
3
Let k(r) = -4 + 18*r + 14*r - 31*r + r**2. Give k(0).
-4
Let z(i) be the second derivative of -i**7/420 - i**6/180 + i**5/60 + i**4/24 + i**3/6 - 3*i. Let c(k) be the second derivative of z(k). What is c(-2)?
5
Let a(d) = 3*d + 2*d + 3*d - 9*d. Calculate a(-4).
4
Let i(v) = 9*v - 1. Let k = 18 - 18. Let l(d) = -d**2 - 2*d - 1. Let m be l(k). Give i(m).
-10
Let k be 10/4*(-20)/25. Let y be ((-2)/k + 3)*1. Let q(m) = y*m**2 - 5*m - 5*m**2 - 3*m + 3*m + 2. Calculate q(-4).
6
Let o(s) be the third derivative of -s**6/120 - s**3/6 - 8*s**2. Let b(w) = w**3 - 5*w**2 - 5*w - 4. Let a be b(6). Suppose 0 = -a*c - 3*c - 5. Give o(c).
0
Let n be (-30)/20 - (-1)/2. Let m(l) = -3*l - 1. Determine m(n).
2
Let i(k) = -3*k**2 - 6 + 6. Suppose 0 = 5*f - 39 + 9. Suppose 0 = -5*w + f - 1. Give i(w).
-3
Let q(h) = h**3 + 8*h**2 + 7*h - 4. Suppose -59*m + 35 = -64*m. Calculate q(m).
-4
Let t(y) = -y + 2*y + 0*y. Let u be 0*(0 - (-2)/(-4)). Let c = 2 + u. What is t(c)?
2
Let m be (-2)/(-6) - (-10)/15. Let c(p) = -4*p**2 + p - 1. What is c(m)?
-4
Let b(v) be the first derivative of -v**6/360 + v**5/30 + v**4/4 + 4*v**3/3 - 4. Let u(x) be the third derivative of b(x). Give u(5).
1
Let z(o) = 3*o**2 - 42*o - 5. Let b be z(14). Let u(f) = f**3 + 6*f**2 + 7*f + 1. Determine u(b).
-9
Let u = -4 + 6. Suppose -l = 7 - 29. Let o(d) = -d**2 + l + 0*d - 21 + 2*d. What is o(u)?
1
Let y be -1*(-2)/(-2) + -2. Let l(g) = -g**3 + 7*g**2 - 6*g + 2. Let v be l(6). Let a(p) = v*p**3 + 4*p**2 + p + 4 - p**3 + 0. What is a(y)?
10
Let l(w) = -w + 10. Let z(b) = -15*b + 162. Let n(q) = -33*l(q) + 2*z(q). What is n(6)?
12
Let a(s) be the first derivative of -s**6/60 - s**5/30 + 3*s**2/2 - 1. Let g(h) be the second derivative of a(h). Let p = -1 - 1. Give g(p).
8
Let d(i) be the first derivative of -3 + 6*i + 2*i**3 - 7/2*i**2 - 1/4*i**4. Give d(5).
-4
Let z(u) be the first derivative of -u**3/3 + 7*u**2/2 - 4*u - 5. Determine z(5).
6
Let a(w) = -w - 2. Let o(l) = 6*l**2 + l. Let u be o(-1). Let h = 7 - 3. Suppose 0 = u*n + h + 6. Give a(n).
0
Suppose -3*l - 3 = 3*u, -4*l + 4*u = -0 + 36. Let s(b) be the second derivative of -b**3/6 - 3*b**2 - 7*b. Determine s(l).
-1
Let m be -3*(2/1 - 3). Suppose -m*u = u - 4. Let b(y) = 3*y**3 - y**2 + y. Give b(u).
3
Suppose 4*u - u = -9, -5*u = -2*c + 23. Let b(a) = -a**3 - 10*a**2 - 8*a + 12. Let k be b(-9). Let r(v) = -4 - 1 + 0*v**3 - 3*v**2 + v**k - 4*v. Determine r(c).
-5
Suppose 0 = z + 2, 5*m - z + 6*z + 10 = 0. Suppose -8*a = -4*a. Let y(o) = a + o + 1 - 6. Give y(m).
-5
Let b = -6 - -10. Let y(i) = 2*i**2 - 3*i + 3. What is y(b)?
23
Let k be 2/(-2) + -1 - 2. Let p(a) = -a**2 - 5*a - 5. Give p(k).
-1
Let q(g) = -3*g + 4. Let s(z) = z**2 - 4*z + 3. Let n be s(4). Suppose 2*x - 2*m = 11 + 7, n*x - 2 = -2*m. Determine q(x).
-8
Let t(u) = 15 - 7 + u**2 - 6*u**3 + 7*u**3 + 0*u**3. Suppose 3*d = 3, 4*c - d - 4 = -5*d. Give t(c).
8
Let m be (-134)/(-10) + (-2)/5. Suppose -5*i = 4*j + 10, 5*j + m = -i + 2*j. Let k = i + -7. Let s(l) = -3*l - 7. Determine s(k).
8
Let q be 126/35 + (-2)/(-5). Suppose -q*v = -v. Let y(s) = -5*s + 5*s - s + s**2 + 7. What is y(v)?
7
Let o be 2/5 - 12/(-20). Let v(s) be the third derivative of 0 - 1/12*s**4 + 1/6*s**3 + 1/30*s**5 + 0*s + s**2. Calculate v(o).
1
Let v be (-42)/(-7)*1/2. Let z(t) be the second derivative of -1/3*t**v + 0 - 2*t + 0*t**2. Calculate z(4).
-8
Let a(h) = h**3 - 5*h**2 + 2*h - 4. Let d be 1596/308 + (-2)/11. Calculate a(d).
6
Let r(b) = -8*b + 1. Suppose 0 = 5*z + 3*m + 2, 4*m - 6 = -3*z - 5. Determine r(z).
9
Let m be (1 + 14/2)*1. Suppose 4*d = m, -y - d = -6*d + 7. Let o(k) = 3*k - k**3 - 4 + 4*k**2 - k + k - 5*k. Determine o(y).
-1
Suppose n = -a - 5, -3*a - 20 = -5*a + 4*n. Let j(y) = 28 + 23 + y**3 - 39. Give j(a).
12
Let d(x) = -x - 5. Let z(y) = -y. Let a be -9*(-1 + (-2)/3). Suppose a = 2*r + r. Let f be z(r). Calculate d(f).
0
Let j(t) = t**2 - 3*t - 7. Let r = -1 + 5. Suppose 3*k - r*g = 7, 2*k + 2*k - 3*g = 14. Calculate j(k).
3
Let r(z) = z**2 + 6*z + 3. Let h(i) = i**3 - 3*i**2 - i + 4. Let d be h(3). Let t(x)